{"id":68,"date":"2018-10-22T10:48:57","date_gmt":"2018-10-22T08:48:57","guid":{"rendered":"http:\/\/flugschule.st\/wordpress\/?page_id=68"},"modified":"2018-11-05T15:13:54","modified_gmt":"2018-11-05T14:13:54","slug":"bannerschlepp","status":"publish","type":"page","link":"https:\/\/flugschule.st\/wordpress\/bannerschlepp\/","title":{"rendered":"Bannerschlepp"},"content":{"rendered":"<div>Voraussetzungen<\/div>\n<div>Lizenz und Klassenberechtigung:<\/div>\n<div>Die Berechtigung zum Schleppen von Bannern k\u00f6nnen Piloten von Motorflugzeugen bzw. TMGs, die Inhaber einer der folgenden Lizenzen sind gem\u00e4\u00df diesem Ausbildungsprogramm erwerben<\/div>\n<div><\/div>\n<div>ATPL(A), CPL(A), PPL(A), LAPL(A)<\/div>\n<div><\/div>\n<div>Die Klassenberechtigung f\u00fcr das in der Schleppflugausbildung verwendete Luftfahrzeug muss bereits vor Beginn der Schleppflugausbildung erworben worden sein.<\/div>\n<div><\/div>\n<div>Flugerfahrung zur Ausstellung der Bannerschleppberechtigung:<\/div>\n<div><\/div>\n<div>mindestens 100 Flugstunden und 200 Starts und Landungen als PIC (Pilot in Command)<\/div>\n<div>sowie mindestens 30 Flugstunden auf Flugzeugen (wenn die Berechtigung f\u00fcr Flugzeuge erworben wird) oder mindestens 30 Flugstunden auf TMGs (wenn die Berechtigung f\u00fcr TMGs erworben wird)<\/div>\n","protected":false},"excerpt":{"rendered":"<p>Voraussetzungen Lizenz und Klassenberechtigung: Die Berechtigung zum Schleppen von Bannern k\u00f6nnen Piloten von Motorflugzeugen bzw. TMGs, die Inhaber einer der folgenden Lizenzen sind gem\u00e4\u00df diesem Ausbildungsprogramm erwerben ATPL(A), CPL(A), PPL(A), LAPL(A) Die Klassenberechtigung f\u00fcr das in der Schleppflugausbildung verwendete Luftfahrzeug muss bereits vor Beginn der Schleppflugausbildung erworben worden sein. Flugerfahrung zur Ausstellung der Bannerschleppberechtigung:&#8230;<\/p>\n<p class=\"read-more\"><a class=\"btn btn-default\" href=\"https:\/\/flugschule.st\/wordpress\/bannerschlepp\/\"> Read More<span class=\"screen-reader-text\">  Read More<\/span><\/a><\/p>\n","protected":false},"author":1,"featured_media":0,"parent":0,"menu_order":0,"comment_status":"closed","ping_status":"closed","template":"","meta":{"footnotes":""},"_links":{"self":[{"href":"https:\/\/flugschule.st\/wordpress\/wp-json\/wp\/v2\/pages\/68"}],"collection":[{"href":"https:\/\/flugschule.st\/wordpress\/wp-json\/wp\/v2\/pages"}],"about":[{"href":"https:\/\/flugschule.st\/wordpress\/wp-json\/wp\/v2\/types\/page"}],"author":[{"embeddable":true,"href":"https:\/\/flugschule.st\/wordpress\/wp-json\/wp\/v2\/users\/1"}],"replies":[{"embeddable":true,"href":"https:\/\/flugschule.st\/wordpress\/wp-json\/wp\/v2\/comments?post=68"}],"version-history":[{"count":3,"href":"https:\/\/flugschule.st\/wordpress\/wp-json\/wp\/v2\/pages\/68\/revisions"}],"predecessor-version":[{"id":618,"href":"https:\/\/flugschule.st\/wordpress\/wp-json\/wp\/v2\/pages\/68\/revisions\/618"}],"wp:attachment":[{"href":"https:\/\/flugschule.st\/wordpress\/wp-json\/wp\/v2\/media?parent=68"}],"curies":[{"name":"wp","href":"https:\/\/api.w.org\/{rel}","templated":true}]}}