{"id":63,"date":"2018-10-22T10:48:57","date_gmt":"2018-10-22T08:48:57","guid":{"rendered":"http:\/\/flugschule.st\/wordpress\/?page_id=63"},"modified":"2018-10-24T14:13:22","modified_gmt":"2018-10-24T12:13:22","slug":"ppla","status":"publish","type":"page","link":"https:\/\/flugschule.st\/wordpress\/ppla\/","title":{"rendered":"PPL(A)"},"content":{"rendered":"<p>Die &#8222;private pilot licence&#8220; (A=aeroplane, H=helicopter)<br \/>\nEine weltweit g\u00fcltige Lizenz, die dir erm\u00f6glicht nicht-gewerbliche Fl\u00fcge auf einmotorigen, kolbengetriebenen (keine Turbinen) Landflugzeugen durchzuf\u00fchren.<\/p>\n<div><\/div>\n<div>\n<p>Voraussetzungen&#8230;<\/p>\n<\/div>\n<div>Zum Zeitpunkt der Erstausstellung der Lizenz musst du mindestens 17 Jahre alt sein.<\/div>\n<div>\n<p>Die Ausbildung kannst du aber bereits vorher beginnen.<\/p>\n<\/div>\n<div>Du brauchst <em>vor deinem ersten Alleinflug<\/em> ein Flugmedizinisches Tauglichkeitszeugnis mindestens Klasse 2.<\/div>\n<div>Wir empfehlen dies aber bereits fr\u00fcher zu machen um etwaige medizinische Hinderungsgr\u00fcnde fr\u00fchzeitig zu erkennen.<\/div>\n<div><\/div>\n<div>Die theoretische Ausbildung in der Flugschule<\/div>\n<div><\/div>\n<div>Erfolgreiche Ablegung der theoretischen Pr\u00fcfung &#8211; diese musst du aber nicht gleich als Erstes ganz am Anfang machen.<\/div>\n<div>Du solltest dir aber auch nicht zu lange Zeit damit lassen &#8211; denn die praktische Pr\u00fcfung am Ende der Ausbildung kannst du erst nach bestandener Theoriepr\u00fcfung ablegen.<\/div>\n<div><\/div>\n<div>Parallel zum Theorielehrgang erfolgt die praktische Ausbildung.<\/div>\n<div><\/div>\n<div>Diese besteht aus <em>mindestens(!)<\/em> 45 Stunden Flugausbildung auf Flugzeugen oder TMG (touring motorglider),<\/div>\n<div>davon k\u00f6nnen maximal 5 Flugstunden in einem &#8222;Simulator&#8220; absolviert werden.<\/div>\n<div>\n<p>Wir bevorzugen es allerdings die zur Verf\u00fcgung stehende Flugzeit im Flugzeug effizient zu nutzen.<\/p>\n<\/div>\n<div>Fliegen lernt man beim Fliegen!<\/p>\n<\/div>\n<div>In diesen 45 Flugstunden m\u00fcssen enthalten sein:<\/div>\n<div><\/div>\n<div>25 Stunden Flugausbildung mit Fluglehrer<\/div>\n<div>10 Stunden \u00fcberwachter Alleinflug, davon mindestens 5 Stunden Allein-\u00dcberlandflug<\/div>\n<div>mit mindestens einem \u00dcberlandflug von mindestens 270 km (150 NM) mit zwei vollst\u00e4ndig<\/div>\n<div>abgeschlossenen Landungen auf 2 anderen Flugpl\u00e4tzen als dem Startflugplatz.<\/div>\n<div>(z.B. Graz &#8211; Punitz &#8211; Klagenfurt -Graz)<\/div>\n<p>Abschlie\u00dfend dann noch die praktische Pr\u00fcfung.<\/p>\n<p>&nbsp;<\/p>\n","protected":false},"excerpt":{"rendered":"<p>Die &#8222;private pilot licence&#8220; (A=aeroplane, H=helicopter) Eine weltweit g\u00fcltige Lizenz, die dir erm\u00f6glicht nicht-gewerbliche Fl\u00fcge auf einmotorigen, kolbengetriebenen (keine Turbinen) Landflugzeugen durchzuf\u00fchren. Voraussetzungen&#8230; Zum Zeitpunkt der Erstausstellung der Lizenz musst du mindestens 17 Jahre alt sein. Die Ausbildung kannst du aber bereits vorher beginnen. Du brauchst vor deinem ersten Alleinflug ein Flugmedizinisches Tauglichkeitszeugnis mindestens&#8230;<\/p>\n<p class=\"read-more\"><a class=\"btn btn-default\" href=\"https:\/\/flugschule.st\/wordpress\/ppla\/\"> Read More<span class=\"screen-reader-text\">  Read More<\/span><\/a><\/p>\n","protected":false},"author":1,"featured_media":0,"parent":0,"menu_order":0,"comment_status":"closed","ping_status":"closed","template":"","meta":{"footnotes":""},"_links":{"self":[{"href":"https:\/\/flugschule.st\/wordpress\/wp-json\/wp\/v2\/pages\/63"}],"collection":[{"href":"https:\/\/flugschule.st\/wordpress\/wp-json\/wp\/v2\/pages"}],"about":[{"href":"https:\/\/flugschule.st\/wordpress\/wp-json\/wp\/v2\/types\/page"}],"author":[{"embeddable":true,"href":"https:\/\/flugschule.st\/wordpress\/wp-json\/wp\/v2\/users\/1"}],"replies":[{"embeddable":true,"href":"https:\/\/flugschule.st\/wordpress\/wp-json\/wp\/v2\/comments?post=63"}],"version-history":[{"count":16,"href":"https:\/\/flugschule.st\/wordpress\/wp-json\/wp\/v2\/pages\/63\/revisions"}],"predecessor-version":[{"id":268,"href":"https:\/\/flugschule.st\/wordpress\/wp-json\/wp\/v2\/pages\/63\/revisions\/268"}],"wp:attachment":[{"href":"https:\/\/flugschule.st\/wordpress\/wp-json\/wp\/v2\/media?parent=63"}],"curies":[{"name":"wp","href":"https:\/\/api.w.org\/{rel}","templated":true}]}}